it of 84305236?
4
What is the hundred thousands digit of 213653531?
6
What is the hundreds digit of 1399473543?
5
What is the hundreds digit of 102701614?
6
What is the tens digit of 493899477?
7
What is the ten thousands digit of 135101325?
0
What is the hundred thousands digit of 659417445?
4
What is the tens digit of 986562731?
3
What is the hundred thousands digit of 319736753?
7
What is the thousands digit of 42441012?
1
What is the hundred thousands digit of 40294315?
2
What is the millions digit of 1572012688?
2
What is the hundred millions digit of 320261598?
3
What is the hundred millions digit of 587719077?
5
What is the thousands digit of 32609151?
9
What is the units digit of 1377189174?
4
What is the millions digit of 456851323?
6
What is the hundred thousands digit of 208978121?
9
What is the hundred millions digit of 3402108537?
4
What is the units digit of 47047956?
6
What is the ten thousands digit of 67660782?
6
What is the units digit of 1055582881?
1
What is the ten millions digit of 22485424?
2
What is the ten thousands digit of 60489360?
8
What is the ten millions digit of 87060543?
8
What is the ten millions digit of 504050609?
0
What is the units digit of 559175552?
2
What is the hundred thousands digit of 573205140?
2
What is the hundred thousands digit of 12869485?
8
What is the ten millions digit of 75150306?
7
What is the billions digit of 1050952923?
1
What is the ten thousands digit of 1415061246?
6
What is the hundred thousands digit of 42486872?
4
What is the millions digit of 261844629?
1
What is the units digit of 451870532?
2
What is the hundreds digit of 118828713?
7
What is the hundred thousands digit of 36443630?
4
What is the thousands digit of 121275930?
5
What is the hundreds digit of 2684641?
6
What is the hundred thousands digit of 288782197?
7
What is the hundred millions digit of 281786374?
2
What is the tens digit of 85973921?
2
What is the tens digit of 497537009?
0
What is the hundred thousands digit of 1743186022?
1
What is the ten millions digit of 1063873466?
6
What is the hundreds digit of 263208018?
0
What is the units digit of 187465368?
8
What is the hundred millions digit of 518625809?
5
What is the units digit of 78380656?
6
What is the units digit of 29918635?
5
What is the millions digit of 1446802?
1
What is the thousands digit of 339051836?
1
What is the tens digit of 70226434?
3
What is the ten millions digit of 331132460?
3
What is the hundred thousands digit of 261607118?
6
What is the ten thousands digit of 1643243570?
4
What is the tens digit of 326347166?
6
What is the units digit of 545268757?
7
What is the thousands digit of 1411903497?
3
What is the thousands digit of 463387465?
7
What is the hundred millions digit of 182697221?
1
What is the thousands digit of 2168243354?
3
What is the hundred millions digit of 205815522?
2
What is the ten millions digit of 768897584?
6
What is the ten thousands digit of 1287218541?
1
What is the millions digit of 165702248?
5
What is the hundred millions digit of 411795513?
4
What is the millions digit of 1606202658?
6
What is the ten thousands digit of 279444387?
4
What is the ten thousands digit of 7040805149?
0
What is the millions digit of 96446748?
6
What is the ten thousands digit of 3579376717?
7
What is the millions digit of 243315352?
3
What is the ten millions digit of 614619497?
1
What is the ten millions digit of 32635607?
3
What is the millions digit of 86754278?
6
What is the hundreds digit of 31906873?
8
What is the units digit of 5027229?
9
What is the hundreds digit of 5361428079?
0
What is the thousands digit of 1921258292?
8
What is the millions digit of 100225737?
0
What is the thousands digit of 549295639?
5
What is the millions digit of 588157592?
8
What is the tens digit of 387609661?
6
What is the ten millions digit of 18727472?
1
What is the hundreds digit of 174581412?
4
What is the ten thousands digit of 154547523?
4
What is the ten millions digit of 116391933?
1
What is the hundreds digit of 106290215?
2
What is the ten thousands digit of 740626405?
2
What is the units digit of 1343129689?
9
What is the hundreds digit of 92669374?
3
What is the ten millions digit of 54095685?
5
What is the units digit of 1413698064?
4
What is the hundred thousands digit of 32384360?
3
What is the millions digit of 38686298?
8
What is the ten thousands digit of 4201887896?
8
What is the hundred thousands digit of 738957703?
9
What is the tens digit of 100325578?
7
What is the millions digit of 626697872?
6
What is the hundred millions digit of 220801839?
2
What is the hundred thousands digit of 542532796?
5
What is the thousands digit of 2647238549?
8
What is the ten millions digit of 1615526862?
1
What is the thousands digit of 282446977?
6
What is the tens digit of 695595133?
3
What is the ten millions digit of 2958887986?
5
What is the ten millions digit of 46964298?
4
What is the hundred thousands digit of 696162305?
1
What is the units digit of 26730291?
1
What is the units digit of 902077?
7
What is the ten millions digit of 5727030753?
2
What is the units digit of 1222249413?
3
What is the hundred millions digit of 3950514617?
9
What is the thousands digit of 26699763?
9
What is the billions digit of 3545360025?
3
What is the millions digit of 525791944?
5
What is the units digit of 78726497?
7
What is the thousands digit of 323909990?
9
What is the hundreds digit of 13687359?
3
What is the thousands digit of 88204394?
4
What is the millions digit of 3766881855?
6
What is the units digit of 6201243641?
1
What is the ten millions digit of 284619237?
8
What is the ten thousands digit of 273574559?
7
What is the hundreds digit of 471338383?
3
What is the millions digit of 614576327?
4
What is the ten millions digit of 183843647?
8
What is the tens digit of 495332899?
9
What is the hundred millions digit of 1720561820?
7
What is the thousands digit of 1821720030?
0
What is the hundred thousands digit of 484514029?
5
What is the units digit of 31949651?
1
What is the hundreds digit of 54311204?
2
What is the hundred millions digit of 1696403120?
6
What is the ten millions digit of 95082532?
9
What is the millions digit of 38078116?
8
What is the hundred millions digit of 219448241?
2
What is the ten thousands digit of 174646209?
4
What is the thousands digit of 481996987?
6
What is the ten millions digit of 30397404?
3
What is the units digit of 18342981?
1
What is the hundred thousands digit of 2241963983?
9
What is the thousands digit of 42455182?
5
What is the hundreds digit of 25080752?
7
What is the hundred thousands digit of 83611715?
6
What is the units digit of 145040672?
2
What is the units digit of 5811638214?
4
What is the tens digit of 12183988?
8
What is the ten millions digit of 55015543?
5
What is the millions digit of 531306087?
1
What is the ten thousands digit of 57641043?
4
What is the thousands digit of 1550116133?
6
What is the tens digit of 31830642?
4
What is the hundred millions digit of 2519546925?
5
What is the tens digit of 1247640148?
4
What is the ten millions digit of 60034212?
6
What is the ten millions digit of 213931915?
1
What is the ten thousands digit of 177849037?
4
What is the units digit of 22749507?
7
What is the tens digit of 390377563?
6
What is the thousands digit of 165618879?
8
What is the units digit of 64393238?
8
What is the ten millions digit of 10929261?
1
What is the units digit of 71621943?
3
What is the hundreds digit of 93116389?
3
What is the thousands digit of 264417895?
7
What is the ten millions digit of 3302869291?
0
What is the thousands digit of 114985453?
5
What is the thousands digit of 69631126?
1
What is the ten millions digit of 88991038?
8
What is the hundred millions digit of 163853826?
1
What is the units digit of 170840986?
6
What is the thousands digit of 226720609?
0
What is the hundred thousands digit of 28310064?
3
What is the hundred millions digit of 161252341?
1
What is the units digit of 2234150731?
1
What is the hundred millions digit of 296523410?
2
What is the tens digit of 462327779?
7
What is the thousands digit of 952387136?
7
What is the hundred thousands digit of 1356632840?
6
What is the hundred thousands digit of 40845667?
8
What is the